{"id":372,"date":"2019-01-05T18:57:04","date_gmt":"2019-01-05T17:57:04","guid":{"rendered":"http:\/\/ucernehoberana.cz\/?page_id=372"},"modified":"2019-09-10T13:16:11","modified_gmt":"2019-09-10T11:16:11","slug":"chata-fotogalerie","status":"publish","type":"page","link":"https:\/\/ucernehoberana.cz\/index.php\/chata-fotogalerie\/","title":{"rendered":"Chalupa &#8211; fotogalerie"},"content":{"rendered":"\n<p>N\u00ed\u017ee je n\u011bkolik fotogaleri\u00ed pro Va\u0161i lep\u0161\u00ed p\u0159edstavu o chat\u011b.<\/p>\n\n\n\nngg_shortcode_0_placeholder\n","protected":false},"excerpt":{"rendered":"<p>N\u00ed\u017ee je n\u011bkolik fotogaleri\u00ed pro Va\u0161i lep\u0161\u00ed p\u0159edstavu o chat\u011b.<\/p>\n","protected":false},"author":1,"featured_media":0,"parent":0,"menu_order":0,"comment_status":"closed","ping_status":"closed","template":"","meta":{"ngg_post_thumbnail":0,"footnotes":""},"class_list":["post-372","page","type-page","status-publish","hentry"],"_links":{"self":[{"href":"https:\/\/ucernehoberana.cz\/index.php\/wp-json\/wp\/v2\/pages\/372"}],"collection":[{"href":"https:\/\/ucernehoberana.cz\/index.php\/wp-json\/wp\/v2\/pages"}],"about":[{"href":"https:\/\/ucernehoberana.cz\/index.php\/wp-json\/wp\/v2\/types\/page"}],"author":[{"embeddable":true,"href":"https:\/\/ucernehoberana.cz\/index.php\/wp-json\/wp\/v2\/users\/1"}],"replies":[{"embeddable":true,"href":"https:\/\/ucernehoberana.cz\/index.php\/wp-json\/wp\/v2\/comments?post=372"}],"version-history":[{"count":4,"href":"https:\/\/ucernehoberana.cz\/index.php\/wp-json\/wp\/v2\/pages\/372\/revisions"}],"predecessor-version":[{"id":609,"href":"https:\/\/ucernehoberana.cz\/index.php\/wp-json\/wp\/v2\/pages\/372\/revisions\/609"}],"wp:attachment":[{"href":"https:\/\/ucernehoberana.cz\/index.php\/wp-json\/wp\/v2\/media?parent=372"}],"curies":[{"name":"wp","href":"https:\/\/api.w.org\/{rel}","templated":true}]}}