{"id":198,"date":"2018-04-13T14:27:29","date_gmt":"2018-04-13T12:27:29","guid":{"rendered":"http:\/\/ucernehoberana.cz\/?page_id=198"},"modified":"2024-05-28T10:26:04","modified_gmt":"2024-05-28T08:26:04","slug":"svatby","status":"publish","type":"page","link":"https:\/\/ucernehoberana.cz\/index.php\/svatby\/","title":{"rendered":"Svatby"},"content":{"rendered":"<p>V are\u00e1lu jsme pro V\u00e1s schopni p\u0159ipravit i tak velkou ud\u00e1lost jako je svatba. Pro p\u0159edstavu a inspiraci zde naleznete fotografie z t\u00e9 na\u0161\u00ed, kter\u00e1 byla realizov\u00e1na pr\u00e1v\u011b v are\u00e1lu U \u010cern\u00e9ho Berana v z\u00e1\u0159\u00ed 2017.<\/p>\n<p>M\u011bli jsme sen si n\u00e1\u0161 den u\u017e\u00edt na jednom m\u00edst\u011b s rodinou a p\u0159\u00e1teli, necestovat na ob\u0159ad, j\u00eddlo, focen\u00ed a ve\u010dern\u00ed z\u00e1bavu. Svatbu jsme m\u011bli od za\u010d\u00e1tku do konce ve sv\u00e9 re\u017eii a proto V\u00e1m m\u016f\u017eeme poradit s r\u016fzn\u00fdmi mo\u017enostmi uspo\u0159\u00e1d\u00e1n\u00ed, programem, dekoracemi, apod. Vybaven\u00ed pou\u017eit\u00e9 na svatb\u011b V\u00e1m dle domluvy m\u016f\u017eeme zap\u016fj\u010dit.Pokud hled\u00e1te superklon <a href=\"https:\/\/www.high-endrolex.com\/\">Replica Rolex<\/a> , Super Clone Rolex je m\u00edsto, kam j\u00edt! Nejv\u011bt\u0161\u00ed sb\u00edrka fale\u0161n\u00fdch hodinek Rolex online!<\/p>\n<p>Mo\u017enosti a inspirace:<\/p>\n<ol>\n<li>Ubytov\u00e1n\u00ed pro hosty &#8211; ve Velk\u00e9 chat\u011b a Chat\u011b (34 os.)<\/li>\n<li>Strava &#8211; raut v Kolib\u011b<\/li>\n<li>Venkovn\u00ed posezen\u00ed &#8211; P\u00e1rty stan (8x5m) s vyh\u0159\u00edv\u00e1n\u00edm p\u0159i nep\u0159\u00edzni po\u010das\u00ed<\/li>\n<li>Ob\u0159ad na m\u00edst\u011b &#8211; rezervace term\u00ednu na matrice m\u011bsta Jablonec nad Nisou &#8211; k zap\u016fj\u010den\u00ed b\u00edl\u00e9 \u017eidle k ob\u0159adu<\/li>\n<li>Z\u00e1bava &#8211; hudba, z\u00e1bavn\u00fd koutek pro d\u011bti, p\u00e1ny, apod.<\/li>\n<li>P\u0159\u00edpravy nev\u011bsty &#8211; Velk\u00e1 chata<\/li>\n<li>Dekorace &#8211; juta a krajka<\/li>\n<li>Parkov\u00e1n\u00ed &#8211; p\u0159ilehl\u00e9 parkovi\u0161t\u011b are\u00e1lu cca 20 m od are\u00e1lu<\/li>\n<\/ol>\n<p>Cena: dle individu\u00e1ln\u00ed kalkulace poskytnut\u00fdch slu\u017eeb<\/p>\n<p>&nbsp;<\/p>\n<p>&nbsp;<\/p>\nngg_shortcode_0_placeholder\n","protected":false},"excerpt":{"rendered":"<p>V are\u00e1lu jsme pro V\u00e1s schopni p\u0159ipravit i tak velkou ud\u00e1lost jako je svatba. Pro p\u0159edstavu a inspiraci zde naleznete fotografie z t\u00e9 na\u0161\u00ed, kter\u00e1 byla realizov\u00e1na pr\u00e1v\u011b v are\u00e1lu<\/p>\n","protected":false},"author":1,"featured_media":0,"parent":0,"menu_order":0,"comment_status":"closed","ping_status":"closed","template":"","meta":{"ngg_post_thumbnail":0,"footnotes":""},"class_list":["post-198","page","type-page","status-publish","hentry"],"_links":{"self":[{"href":"https:\/\/ucernehoberana.cz\/index.php\/wp-json\/wp\/v2\/pages\/198"}],"collection":[{"href":"https:\/\/ucernehoberana.cz\/index.php\/wp-json\/wp\/v2\/pages"}],"about":[{"href":"https:\/\/ucernehoberana.cz\/index.php\/wp-json\/wp\/v2\/types\/page"}],"author":[{"embeddable":true,"href":"https:\/\/ucernehoberana.cz\/index.php\/wp-json\/wp\/v2\/users\/1"}],"replies":[{"embeddable":true,"href":"https:\/\/ucernehoberana.cz\/index.php\/wp-json\/wp\/v2\/comments?post=198"}],"version-history":[{"count":3,"href":"https:\/\/ucernehoberana.cz\/index.php\/wp-json\/wp\/v2\/pages\/198\/revisions"}],"predecessor-version":[{"id":721,"href":"https:\/\/ucernehoberana.cz\/index.php\/wp-json\/wp\/v2\/pages\/198\/revisions\/721"}],"wp:attachment":[{"href":"https:\/\/ucernehoberana.cz\/index.php\/wp-json\/wp\/v2\/media?parent=198"}],"curies":[{"name":"wp","href":"https:\/\/api.w.org\/{rel}","templated":true}]}}