{"id":167,"date":"2018-04-13T13:08:39","date_gmt":"2018-04-13T11:08:39","guid":{"rendered":"http:\/\/ucernehoberana.cz\/?page_id=167"},"modified":"2025-11-07T08:31:54","modified_gmt":"2025-11-07T07:31:54","slug":"cenik","status":"publish","type":"page","link":"https:\/\/ucernehoberana.cz\/index.php\/cenik\/","title":{"rendered":"Cen\u00edk"},"content":{"rendered":"<p style=\"text-align: center;\">&nbsp;<\/p>\n<p><strong>Chalupa U \u010cern\u00e9ho Berana 22 osob \/ 6 koupelen \/ velk\u00e1 spole\u010densk\u00e1 m\u00edstnost<\/strong><\/p>\n<table width=\"610\">\n<tbody>\n<tr>\n<td style=\"text-align: center;\" width=\"300\"><a href=\"https:\/\/ucernehoberana.cz\/index.php\/chata-rezervace\/\"><strong>Objednat<\/strong><\/a><\/td>\n<\/tr>\n<\/tbody>\n<\/table>\n<table width=\"610\">\n<tbody>\n<tr>\n<td width=\"300\"><strong>V\u00edkend sez\u00f3na \/ mimosez\u00f3na<\/strong><\/td>\n<td style=\"text-align: center;\"><strong>16 900,- K\u010d \/ 14 900,- K\u010d<\/strong><\/td>\n<\/tr>\n<tr>\n<td width=\"300\"><strong>T\u00fddenn\u00ed pobyt letn\u00ed sez\u00f3na za 20 osob<\/strong><\/td>\n<td style=\"text-align: center;\"><strong>49 900,- K\u010d<\/strong><\/td>\n<\/tr>\n<tr>\n<td><strong>T\u00fddenn\u00ed pobyt zimn\u00ed sez\u00f3na za 20 osob<\/strong><\/td>\n<td style=\"text-align: center;\"><strong>49 900,- K\u010d<\/strong><\/td>\n<\/tr>\n<tr>\n<td><strong>P\u0159ist\u00fdlka za noc do max. po\u010dtu osob 22<\/strong><\/td>\n<td style=\"text-align: center;\"><strong>0,- K\u010d<\/strong><\/td>\n<\/tr>\n<tr>\n<td><strong>Poplatek za psa za den<\/strong><\/td>\n<td style=\"text-align: center;\"><strong>200,- K\u010d<\/strong><\/td>\n<\/tr>\n<tr>\n<td><strong>Poplatek obci<\/strong><\/td>\n<td style=\"text-align: center;\"><strong>15,- K\u010d \/ den \/ osobu<\/strong><\/td>\n<\/tr>\n<\/tbody>\n<\/table>\n<table width=\"610\">\n<tbody>\n<tr>\n<td width=\"300\">P\u016fj\u010den\u00ed povle\u010den\u00ed na jednu postel<\/td>\n<td style=\"text-align: center;\">80,- K\u010d &nbsp;(mo\u017enost pou\u017eit\u00ed vlastn\u00edho)<\/td>\n<\/tr>\n<tr>\n<td>1 m3 vody<\/td>\n<td style=\"text-align: center;\">v cen\u011b<\/td>\n<\/tr>\n<tr>\n<td>B\u011b\u017en\u011b spot\u0159ebovan\u00e1 el. energie<\/td>\n<td style=\"text-align: center;\">10,- K\u010d\/kw<\/td>\n<\/tr>\n<tr>\n<td>Parkov\u00e1n\u00ed<\/td>\n<td style=\"text-align: center;\">zdarma<\/td>\n<\/tr>\n<tr>\n<td>Topen\u00ed \/ silov\u00e1 elekt\u0159ina<\/td>\n<td style=\"text-align: center;\">v cen\u011b<\/td>\n<\/tr>\n<tr>\n<td>Kule\u010dn\u00edk<\/td>\n<td style=\"text-align: center;\">zdarma<\/td>\n<\/tr>\n<tr>\n<td>\u0160ipky<\/td>\n<td style=\"text-align: center;\">zdarma<\/td>\n<\/tr>\n<tr>\n<td>Internet \/wifi\/<\/td>\n<td style=\"text-align: center;\">zdarma<\/td>\n<\/tr>\n<tr>\n<td>Pra\u010dka<\/td>\n<td style=\"text-align: center;\">zdarma<\/td>\n<\/tr>\n<tr>\n<td>My\u010dka<\/td>\n<td>prvn\u00ed 2 tablety v cen\u011b, ka\u017ed\u00e1 dal\u0161\u00ed 10,-K\u010d<\/td>\n<\/tr>\n<tr>\n<td>D\u0159evo do krbu<\/td>\n<td>letn\u00ed sez\u00f3na 7,- K\u010d poleno&nbsp; \/ zimn\u00ed v cen\u011b pobytu<\/td>\n<\/tr>\n<tr>\n<td>Zaji\u0161t\u011bn\u00ed sudu a pivn\u00ed za\u0159\u00edzen\u00ed<\/td>\n<td>300,- K\u010d (cena bez sudu) (100,- K\u010d ka\u017ed\u00fd dal\u0161\u00ed sud)<\/td>\n<\/tr>\n<\/tbody>\n<\/table>\n<p>&nbsp;<\/p>\n<p><strong>Chata U \u010cern\u00e9ho Berana 10 osob \/ 2 koupelny \/ dva ob\u00fdvac\u00ed pokoje \/ dv\u011b kuchyn\u011b<\/strong><\/p>\n<table width=\"610\">\n<tbody>\n<tr>\n<td style=\"text-align: center;\" width=\"300\"><a href=\"https:\/\/ucernehoberana.cz\/index.php\/chaticka-rezervace\/\"><strong>Objednat<\/strong><\/a><\/td>\n<\/tr>\n<\/tbody>\n<\/table>\n<table width=\"610\">\n<tbody>\n<tr>\n<td width=\"300\"><strong>V\u00edkend sez\u00f3na \/ mimosez\u00f3na<\/strong><\/td>\n<td style=\"text-align: center;\"><strong>8 900,- K\u010d \/ 6 900,- K\u010d<\/strong><\/td>\n<\/tr>\n<tr>\n<td width=\"300\"><strong>T\u00fddenn\u00ed pobyt letn\u00ed sez\u00f3na pro 8 osob<\/strong><\/td>\n<td style=\"text-align: center;\"><strong><strong>22 900,- K\u010d<\/strong><\/strong><\/td>\n<\/tr>\n<tr>\n<td><strong>T\u00fddenn\u00ed pobyt zimn\u00ed sez\u00f3na pro 8 osob<\/strong><\/td>\n<td style=\"text-align: center;\"><strong>24 900,- K\u010d<\/strong><\/td>\n<\/tr>\n<tr>\n<td><strong>P\u0159ist\u00fdlka za noc do max. po\u010dtu osob 10<\/strong><\/td>\n<td style=\"text-align: center;\"><strong>0,- K\u010d<\/strong><\/td>\n<\/tr>\n<tr>\n<td><strong>Poplatek za psa za den<\/strong><\/td>\n<td style=\"text-align: center;\"><strong>200,- K\u010d<\/strong><\/td>\n<\/tr>\n<tr>\n<td><strong>Poplatek obci<\/strong><\/td>\n<td style=\"text-align: center;\"><strong>15,- K\u010d \/ den \/ osobu<\/strong><\/td>\n<\/tr>\n<\/tbody>\n<\/table>\n<table width=\"610\">\n<tbody>\n<tr>\n<td width=\"300\">P\u016fj\u010den\u00ed povle\u010den\u00ed na jednu postel<\/td>\n<td>80,- K\u010d &nbsp;(mo\u017enost pou\u017eit\u00ed vlastn\u00edho)<\/td>\n<\/tr>\n<tr>\n<td>Internet \/wifi\/<\/td>\n<td>zdarma<\/td>\n<\/tr>\n<tr>\n<td>Topen\u00ed a silov\u00e1 elekt\u0159ina<\/td>\n<td>v cen\u011b<\/td>\n<\/tr>\n<tr>\n<td>Pra\u010dka<\/td>\n<td>zdarma<\/td>\n<\/tr>\n<tr>\n<td>My\u010dka<\/td>\n<td>prvn\u00ed 2 tablety v cen\u011b, ka\u017ed\u00e1 dal\u0161\u00ed 10,-K\u010d<\/td>\n<\/tr>\n<tr>\n<td>D\u0159evo do krbu<\/td>\n<td>7,- K\u010d &nbsp;\/ poleno<\/td>\n<\/tr>\n<\/tbody>\n<\/table>\n<p>&nbsp;<\/p>\n<p><strong>Pro v\u0161echny ubytovan\u00e9 :<\/strong><\/p>\n<table width=\"610\">\n<tbody>\n<tr>\n<td width=\"300\">U\u017e\u00edv\u00e1n\u00ed soukrom\u00e9ho baz\u00e9nu<\/td>\n<td>zdarma (pro ubytovan\u00e9)<\/td>\n<\/tr>\n<tr>\n<td>Zapnut\u00ed a u\u017e\u00edv\u00e1n\u00ed sauny<\/td>\n<td>490,- K\u010d (v objektu penzionu) \/ hod<\/td>\n<\/tr>\n<tr>\n<td>Zapnut\u00ed a u\u017e\u00edv\u00e1n\u00ed v\u00ed\u0159iv\u00e9 vany vnit\u0159n\u00ed<\/td>\n<td>490,- K\u010d (v objektu penzionu) \/ hod<\/td>\n<\/tr>\n<tr>\n<td>Venkovn\u00ed sud s horkou vodou&nbsp;&nbsp;&nbsp;&nbsp;&nbsp;<\/p>\n<p>(jen letn\u00ed sez\u00f3na &#8211; elektrick\u00e9 natopen\u00ed)<\/p>\n<p>(zimn\u00ed sez\u00f3na individu\u00e1ln\u011b &#8211; je nutn\u00e9 topit d\u0159evem)<\/p>\n<p>kapacita sudu je 500kg \/ cca 7 osob<\/td>\n<td>290,- K\u010d \/ hodinu&nbsp;&nbsp;&nbsp;<\/p>\n<p>690,- K\u010d \/ den&nbsp;<\/p>\n<p>1490,- K\u010d \/ v\u00edkend<\/p>\n<p>2490,- K\u010d \/ t\u00fdden<\/td>\n<\/tr>\n<\/tbody>\n<\/table>\n<table width=\"610\">\n<tbody>\n<tr>\n<td style=\"text-align: center;\"><a href=\"https:\/\/ucernehoberana.cz\/index.php\/storno-podminky\/\"><strong>Storno podm\u00ednky<\/strong><\/a><\/td>\n<\/tr>\n<\/tbody>\n<\/table>\n<p>&nbsp;<\/p>\n<p style=\"text-align: center;\">Podle z\u00e1kona o evidenci tr\u017eeb je prod\u00e1vaj\u00edc\u00ed povinen vystavit kupuj\u00edc\u00edmu \u00fa\u010dtenku. Z\u00e1rove\u0148 je povinen zaevidovat p\u0159ijatou tr\u017ebu u spr\u00e1vce dan\u011b online; v p\u0159\u00edpad\u011b technick\u00e9ho v\u00fdpadku pak nejpozd\u011bji do 48 hodin.<\/p>\n<p>&nbsp;<\/p>\n","protected":false},"excerpt":{"rendered":"<p>&nbsp; Chalupa U \u010cern\u00e9ho Berana 22 osob \/ 6 koupelen \/ velk\u00e1 spole\u010densk\u00e1 m\u00edstnost Objednat V\u00edkend sez\u00f3na \/ mimosez\u00f3na 16 900,- K\u010d \/ 14 900,- K\u010d T\u00fddenn\u00ed pobyt letn\u00ed sez\u00f3na<\/p>\n","protected":false},"author":1,"featured_media":0,"parent":0,"menu_order":0,"comment_status":"closed","ping_status":"closed","template":"","meta":{"ngg_post_thumbnail":0,"footnotes":""},"class_list":["post-167","page","type-page","status-publish","hentry"],"_links":{"self":[{"href":"https:\/\/ucernehoberana.cz\/index.php\/wp-json\/wp\/v2\/pages\/167"}],"collection":[{"href":"https:\/\/ucernehoberana.cz\/index.php\/wp-json\/wp\/v2\/pages"}],"about":[{"href":"https:\/\/ucernehoberana.cz\/index.php\/wp-json\/wp\/v2\/types\/page"}],"author":[{"embeddable":true,"href":"https:\/\/ucernehoberana.cz\/index.php\/wp-json\/wp\/v2\/users\/1"}],"replies":[{"embeddable":true,"href":"https:\/\/ucernehoberana.cz\/index.php\/wp-json\/wp\/v2\/comments?post=167"}],"version-history":[{"count":76,"href":"https:\/\/ucernehoberana.cz\/index.php\/wp-json\/wp\/v2\/pages\/167\/revisions"}],"predecessor-version":[{"id":766,"href":"https:\/\/ucernehoberana.cz\/index.php\/wp-json\/wp\/v2\/pages\/167\/revisions\/766"}],"wp:attachment":[{"href":"https:\/\/ucernehoberana.cz\/index.php\/wp-json\/wp\/v2\/media?parent=167"}],"curies":[{"name":"wp","href":"https:\/\/api.w.org\/{rel}","templated":true}]}}